155
Convert 3018895 (base 10) to base 7.
34442305
-1000111000011110100110 (base 2) to base 3
-11101022002020
What is 6117737 (base 8) in base 3?
10000222201001
21a67 (base 13) to base 6
1150502
Convert 746342 (base 10) to base 15.
eb212
Convert -11044016 (base 7) to base 6.
-32224125
11001110001001010 (base 2) to base 16
19c4a
Convert 13b94e8 (base 15) to base 4.
312120233132
Convert 200020221112212 (base 3) to base 2.
100101000000110100000110
What is 6623225 (base 9) in base 10?
3558434
Convert 1733a1 (base 11) to base 14.
6d953
111100000122 (base 4) to base 8
25200032
-8274634 (base 9) to base 3
-22022111201011
What is -101504105 (base 7) in base 9?
-12205382
Convert -5776163 (base 8) to base 5.
-400300310
What is 44633226 (base 8) in base 15?
ca88e6
2206035 (base 7) to base 4
1002022110
Convert -199a987 (base 11) to base 4.
-30312011303
Convert 4241335 (base 6) to base 2.
110010101101011011
120221220330 (base 4) to base 15
879a0c
-b50cd (base 15) to base 14
-10d23d
Convert 32d35 (base 14) to base 7.
1022365
What is 1120827 (base 9) in base 10?
604285
Convert 26523 (base 13) to base 6.
1305310
Convert 10122111212 (base 3) to base 5.
4244231
What is 9a3998 (base 13) in base 14?
6a8c56
Convert -12500324 (base 6) to base 4.
-1210221130
What is -3302023320 (base 4) in base 6?
-33132320
-111202211121002 (base 3) to base 9
-14684532
Convert -15377662 (base 8) to base 4.
-31133332302
Convert 1502613 (base 7) to base 10.
202674
Convert 34703 (base 9) to base 6.
255133
Convert 1226926 (base 11) to base 16.
208850
Convert -13065212 (base 7) to base 3.
-2020121002202
What is -23821264 (base 9) in base 13?
-254a26b
Convert -7cc38 (base 13) to base 9.
-377230
-28834 (base 13) to base 16
-1293d
Convert -3da65 (base 14) to base 7.
-1204655
100011000101111111 (base 2) to base 11
98aa6
-114421041 (base 5) to base 9
-1020717
100031313222 (base 4) to base 2
10000001101110111101010
-201203141 (base 5) to base 3
-1111211020222
What is -236274 (base 9) in base 14?
-39c64
3503116 (base 7) to base 3
211020220221
-1001000010100011100000 (base 2) to base 16
-2428e0
40045025 (base 7) to base 2
1100100111000000100110
214455435 (base 6) to base 16
3af82f
What is 6846328 (base 9) in base 10?
3691925
Convert -2028842 (base 11) to base 5.
-1404142231
What is -256f83 (base 16) in base 7?
-26565465
Convert -278731 (base 9) to base 10.
-170452
What is -2740750 (base 8) in base 16?
-bc1e8
Convert 760544 (base 8) to base 6.
5241204
What is -4002007 (base 10) in base 9?
-7468644
What is -2121120102212 (base 3) in base 5?
-323422230
-21252701 (base 8) to base 9
-8485088
What is -35655a0 (base 12) in base 7?
-153566064
Convert 3541866 (base 9) to base 4.
13110011001
-508e5a (base 15) to base 4
-32212112212
-2433340011 (base 5) to base 13
-12697c8
What is 14074 (base 10) in base 14?
51b4
Convert -82588 (base 9) to base 10.
-54431
-200000121111 (base 3) to base 4
-1112212303
Convert -1942b (base 15) to base 12.
-3b505
What is 3a590 (base 11) in base 10?
57937
What is 254351042 (base 6) in base 5?
2233204321
Convert 101000110110101001011101 (base 2) to base 6.
1021313245
324681 (base 13) to base 4
10200103230
What is 1433342411 (base 5) in base 3?
21011112010000
What is -1565175 (base 8) in base 5?
-104000440
Convert -20100241 (base 5) to base 8.
-467326
-1303321020 (base 4) to base 6
-14101400
Convert 12200122212 (base 5) to base 16.
dc9bcf
Convert -38a45 (base 16) to base 11.
-149344
-b0833 (base 12) to base 6
-4525303
-1101100010100110111110 (base 2) to base 11
-2004987
60e24d (base 15) to base 3
22122220112101
-200002000010 (base 3) to base 12
-151a63
What is -626550 (base 7) in base 5?
-11423412
What is -11303001033 (base 4) in base 6?
-52323343
-293b8d (base 14) to base 10
-1431905
Convert 79bc8c (base 13) to base 11.
1699664
What is -322486 (base 10) in base 16?
-4ebb6
What is 165540240 (base 7) in base 9?
23376440
What is 44acd (base 16) in base 7?
2251045
-470553 (base 10) to base 16
-72e19
What is -55b09 (base 12) in base 5?
-12121123
1fdcf (base 16) to base 4
133313033
What is 1111000100001011001010 (base 2) in base 13?
a83751
What is -402120420 (base 5) in base 9?
-3005326
Convert 10121012001 (base 3) to base 4.
101103001
Convert 20178 (base 12) to base 10.
41708
-110012002 (base 4) to base 15
-195c1
What is 10000010110110011111 (base 2) in base 14?
dd475
176a254 (base 14) to base 12
3a51716
Convert 2637172 (base 8) to base 13.
1ca53b
-661671 (base 9) to base 6
-12244231
1000000100101110110 (base 2) to base 14
6c5b8
What is -1062215 (base 11) in base 13?
-50288c
Convert 2010020211 (base 3) to base 16.
a309
What is 25221121 (base 7) in base 15?
2edc54
-60163 (base 8) to base 15
-74b1
What is -30291 (base 14) in base 16?
-1c437
Convert -29991 (base 11) to base 7.
-234522
Convert -107db9 (base 15) to base 9.
-1427283
Convert -141432 (base 10) to base 2.
-100010100001111000
39787 (base 15) to base 12
8a554
What is -1e49e (base 15) in base 6?
-2041552
Convert -2431a5 (base 12) to base 10.
-586061
What is -58418 (base 14) in base 15?
-439c8
17283084 (base 10) to base 3
1012112001221020
316005 (base 7) to base 6
1102033
121010201212 (base 3) to base 9
533655
What is -436542 (base 7) in base 12?
-38510
Convert -3563937 (base 10) to base 2.
-1101100110000110100001
703a36 (base 15) to base 8
24246263
What is 212311144 (base 5) in base 13?
257023
Convert -312003321 (base 4) to base 8.
-660371
What is 4101251 (base 9) in base 11?
1263206
What is -765457 (base 10) in base 12?
-30ab81
What is 1508004 (base 9) in base 15?
116a17
Convert -10011000101110001001010 (base 2) to base 9.
-10366622
What is 1000100011011111011100 (base 2) in base 13?
60694b
Convert 110000110001110110 (base 2) to base 6.
4140554
What is 22211303 (base 6) in base 12?
283b33
-152131243 (base 6) to base 11
-188569a
Convert 26640 (base 9) to base 3.
220201100
What is 123333001 (base 5) in base 13?
182715
What is 881566 (base 13) in base 16?
30dba6
Convert -1004404423 (base 5) to base 14.
-3ab49c
-1199195 (base 12) to base 16
-3472c1
-20110220202 (base 3) to base 13
-4606a
Convert -413923 (base 10) to base 7.
-3342526
Convert 15055402 (base 6) to base 14.
d7baa
Convert 104100 (base 14) to base 6.
15433352
-227cb (base 15) to base 10
-109766
-4182 (base 14) to base 9
-16430
-7c76d (base 14) to base 8
-1120315
Convert -121642 (base 7) to base 5.
-1203101
Convert 15646245 (base 8) to base 7.
42542615
Convert -12134406 (base 7) to base 15.
-1664a0
-10120202211120 (base 3) to base 11
-1091088
6232071 (base 8) to base 12
677a75
-35502255 (base 6) to base 3
-2002112001222
-1323591 (base 14) to base 16
-8cd37b
What is 2382a (base 12) in base 16?
bae2
1d5951 (base 14) to base 7
11643231
What is 1240338 (base 12) in base 13?
97b7bb
What is -946392 (base 10) in base 6?
-32141240
What is -5130501 (base 7) in base 4?
-2111202111
What is 330003313 (base 4) in base 12?
ba447
What is -b9059 (base 15) in base 7?
-4664226
What is -843a2 (base 12) in base 7?
-1321256
What is -42bdb0 (base 16) in base 2?
-10000101011110110110000
-26482 (base 14) to base 10
-94194
What is -2772a9 (base 11) in base 9?
-731628
What is 1230112032 (base 4) in base 11?
283476
What is -11500145 (base 6) in base 11?
-22a6a7
44b612 (base 12) to base 14
2082bc
Convert -45400 (base 8) to base 11.
-13475
Convert 24353 (base 8) to base 7.
42353
-1106735 (base 8) to base 16
-48ddd
What is 21100621 (base 7) in base 4?
12303001123
-2435727 (base 9) to base 5
-314313443
Convert -101111110110110 (base 2) to base 16.
-5fb6
25c95b (base 14) to base 7
14033244
What is 304442 (base 5) in base 9?
14637
What is 1222210011210 (base 3) in base 5?
232334022
-220120002110 (base 3) to base 9
-816073
5493a4 (base 12) to base 8
5077354
1332161 (base 9) to base 13
1c7296
Convert 5510231 (base 7) to base 11.
420a96
-290bca (base 13) to base 11
-624620
Convert 102100011210201 (base 3) to base 9.
12304721
Convert 12000022001000 (base 3) to base 6.
133025000
What is 957383 (base 10) in base 15?
13da08
7427401 (base 8) to base 15
291193
aca9c (base 15) to base 14
1041ab
42033144 (base 5) to base 10
346049
Convert 110100000000111010 (base 2) to base 16.
3403a
-20221121313 (base 4) to base 7
-25160403
3161373 (base 9) to base 7
20253060
-14655 (base 13) to base 14
-10013
What is 10020211